/d - (-3)/(-4). Suppose 3*j - 30 = -k*j. What is the greatest common divisor of j and 35?
5
Suppose 18*m - 396 = 2034. Calculate the greatest common divisor of 105 and m.
15
Let y be (-4 - -1)/(20 - (-5776)/(-288)). Calculate the greatest common divisor of 72 and y.
18
Let a be 1*(-3 - 0) + (1 - -8). Suppose -45 = -p - w - 0*w, 2*w + 36 = p. Calculate the highest common factor of p and a.
6
Suppose 3*x - 7*z - 609 = 0, -12*x + 8*x + z + 787 = 0. Calculate the greatest common divisor of 280 and x.
28
Suppose -a - 56 = -3*x + 15, 0 = 2*x + 5*a - 36. Calculate the greatest common factor of x and 69.
23
Suppose 0 = o + n - 58 + 41, -2*o + n + 46 = 0. Calculate the greatest common factor of o and 399.
21
Let i(a) = a**2 - 3*a + 2. Suppose 1 = 8*j - 31. Let b be i(j). Calculate the highest common factor of b and 54.
6
Let r be 1253/42 + 4 + 92/(-24). Calculate the highest common factor of r and 10.
10
Suppose 4*o + 7*o + 1056 = 0. Let f = o - -160. What is the highest common divisor of f and 16?
16
Let r(g) = -22*g. Let h be r(-6). Let d(m) = -9 + 3*m - m**2 - 5*m**2 - 7 - m**3. Let q be d(-7). What is the greatest common divisor of h and q?
12
Suppose 5*u = 2 + 3. Let f = 9 - u. Let m be (14/(-2) - -4) + 23. Calculate the greatest common factor of m and f.
4
Let q(c) = -c**3 + 5*c**2 + 9*c + 5. Let g be q(5). What is the highest common factor of 170 and g?
10
Let x = -158 - -652. Calculate the greatest common factor of 13 and x.
13
Let g(r) = -r**3 + 4*r**2 + 2*r + 3. Let y be g(4). Calculate the highest common factor of 187 and y.
11
Suppose 221 - 943 = -38*x. What is the greatest common factor of x and 3?
1
Let p be (-2)/11 - (6 + (-49510)/55). What is the greatest common divisor of 6 and p?
6
Let q = 45 + -31. Suppose 0 = 4*a + 2*d - q, 3*a + 0 = 5*d - 9. Suppose a*f - 4*f = -132. Calculate the greatest common factor of 11 and f.
11
Let l be -2 + 1605/35 + 1/7. What is the highest common factor of l and 4?
4
Let y = 222 + -68. Let b(p) = -p**2 - 3*p + 2. Let h be b(-2). Suppose -z + 18 = h. What is the greatest common divisor of y and z?
14
Let k be (-15)/6 + 6/4. Let w(p) = -33*p**2 + p + 2. Let x be w(k). Let l be (-12)/(-8)*x/(-6). Calculate the highest common divisor of l and 20.
4
Suppose 6*a = 17*a - 88. Let z be ((-8)/(-10))/(a/380). What is the highest common divisor of z and 38?
38
Let c = -37 - -12. Let g be (c/2)/(3/(-6) - 0). What is the greatest common factor of g and 125?
25
Suppose w = 7*w - 534. Let s = w + -84. Let m(o) = -o**2 - 8*o + 1. Let y be m(-8). What is the highest common divisor of y and s?
1
Let u(w) = 18*w + 56. Let n be u(0). Suppose 3*z - 30 = -6. What is the greatest common divisor of n and z?
8
Suppose a - m = -a + 66, 5*m = a - 15. Let u(l) = -2*l + 1. Let f be u(-1). Let h be 28/(-10)*(-15)/f. What is the greatest common factor of a and h?
7
Suppose 2*u - 4*n - 80 = 0, 5*u - 2*u = -2*n + 120. Let o = 809 + -801. What is the highest common factor of o and u?
8
Suppose -2*o = -49*f + 51*f - 452, 5*f - 1125 = -4*o. Calculate the greatest common divisor of 68 and f.
17
Suppose -116*c + 108*c = -5168. Calculate the greatest common factor of c and 34.
34
Let f(y) = 7*y + 16. Let c be f(4). Suppose 14 = 2*z - 8. What is the greatest common factor of c and z?
11
Suppose 0 = -5*s + m + 1026, 0 = -3*s + 6*m - 3*m + 618. What is the highest common factor of 328 and s?
41
Suppose -198 = -7*p - 2. Calculate the highest common factor of p and 28.
28
Let x(v) = v**2 - 3*v. Let p be x(6). Let h = p - 10. Let s(z) = -2*z + 2. Let u be s(-1). What is the highest common factor of u and h?
4
Let s be (-138)/(-8) - (-1)/(-4). Let n = s - 3. Calculate the highest common factor of n and 2.
2
Suppose -3*q + 9 + 27 = 0. Suppose q = 4*r, 1 = -2*s + r + 4. Calculate the highest common divisor of s and 3.
3
Let v(w) = -w**2 - 16*w - 34. Let n be v(-4). Calculate the highest common divisor of 91 and n.
7
Let m = 463 - 427. What is the greatest common factor of m and 24?
12
Let b(y) = 12*y - 27. Let t be b(11). Let o = -50 + t. What is the greatest common divisor of 5 and o?
5
Let u(s) = s**2 - 30*s + 127. Let h be u(25). Let w(f) = f - 3. Let k be w(7). What is the greatest common factor of h and k?
2
Let g(y) = y**2 - 55*y + 166. Let v be g(58). What is the highest common factor of v and 40?
20
Let g(o) = 3*o + 3. Let n be g(2). Suppose -n + 25 = 4*d. What is the greatest common factor of 32 and d?
4
Let v(q) = -8*q**3 + 63*q**2 + 9*q + 1. Let k be v(8). Let s be 8/(-10)*(-15)/2. Calculate the highest common divisor of s and k.
3
Suppose -4*v + 32 = -24. Let r = -4261 + 4282. Calculate the greatest common factor of r and v.
7
Let x = -751 - -868. Calculate the greatest common factor of 78 and x.
39
Let g be -56*((-6)/4 + 2). Let w = g - -37. Calculate the highest common factor of w and 3.
3
Let d = -94 + 123. What is the greatest common factor of d and 1?
1
Let n = -7 + 14. Suppose r - 6*r = -1155. Suppose 3*x + 0*x - r = 0. Calculate the highest common factor of x and n.
7
Suppose -3*r + 258 = 6*v - 3*v, 5*v + 362 = 4*r. Let t be 2 + -3 - 4/(-2) - -7. What is the highest common factor of t and r?
8
Let j be ((-5)/((-25)/5))/((-2)/516). Let o = j - -418. What is the greatest common divisor of 32 and o?
32
Let k(n) be the first derivative of n**4/4 + 7*n**3/3 + 3*n**2/2 - 4*n - 10. Let a be k(-6). What is the highest common factor of 21 and a?
7
Let v(m) = -12*m + 168. Let f be v(12). What is the highest common factor of f and 36?
12
Let o = 31 - 23. Suppose -140 = m - o*m. Let g be 50*(-1)/(m/(-16)). Calculate the greatest common divisor of g and 5.
5
Suppose -5*h + 10 = -5*d, -19 = -8*h + 3*h + 2*d. Suppose 0*w + h*w = 65. What is the highest common factor of w and 143?
13
Suppose 0 = 2*p - m - 5 - 11, 0 = -p - m + 14. Let o be (1/((-1)/(-15)))/1. What is the highest common divisor of p and o?
5
Let l(w) = w + 292. Let o be l(26). Calculate the highest common divisor of o and 6.
6
Let c = -176 - -187. What is the highest common factor of c and 517?
11
Suppose -5*n - 4*j = -16, 0*n + 5*j = 3*n - 17. Let l be 2*40/(0 - n). Let a be (-175)/l*(5 + -1). Calculate the highest common divisor of 7 and a.
7
Let a be (-1 - -3)/((-1)/(-92)). Suppose 4*v - 4*o = 88, -23*v = -20*v + 2*o - 71. What is the highest common divisor of a and v?
23
Let i = 144 + -28. Suppose i = 2*n + n + h, n + 4*h = 24. What is the highest common divisor of n and 16?
8
Let l(d) = 2*d**3 + 10*d - 4. Let v be l(5). Suppose 0 = -a - 4*u + 72, -2*a - 3*a - 4*u + v = 0. What is the greatest common divisor of 168 and a?
56
Suppose -52 - 92 = -6*n. Let x(r) = -29*r - 6. Let y be x(-6). What is the greatest common factor of y and n?
24
Suppose v = -0*v + 4. Suppose q - 76 = 3*q. Let j = q - -66. What is the highest common divisor of v and j?
4
Let o(p) = -p**3 + 2*p**2 - p. Let t be o(1). Let x be t - (-76 - (-2 + 3)). Suppose -257*r = -260*r + 33. What is the highest common divisor of r and x?
11
Let w be 21*2*45/30. Suppose -w - 27 = 5*f. Let q = -8 - f. Calculate the highest common factor of q and 4.
2
Suppose -7*k + 56 = -42. Let q = 14 + -7. What is the highest common divisor of k and q?
7
Let f(b) = 186*b + 9. Let c be f(3). Let m = c + -337. Calculate the highest common divisor of 10 and m.
10
Let a(f) = -2*f**3 + 3*f**2 + 4*f - 1. Let q be a(-4). What is the greatest common divisor of 265 and q?
53
Let h = 500 + -313. Suppose 0 = 7*w - 16 - h. What is the highest common divisor of w and 29?
29
Suppose -574*x = -583*x + 225. Calculate the greatest common divisor of 25 and x.
25
Let n(w) = w**3 + 4*w**2 - 6*w + 3. Let h be n(-5). Calculate the highest common divisor of h and 8.
8
Let r = 1339 - 1183. Calculate the greatest common divisor of r and 44.
4
Suppose 530 = 5*r + 2*a, -7*r + 304 = -4*r + 4*a. What is the greatest common divisor of r and 4?
4
Let j be ((-33)/12)/(61/(-20) + 3). Let z(a) = 12*a - 1. Let y be z(1). Calculate the highest common divisor of j and y.
11
Let x be -84*1*(-15)/12. Let a(n) = n**2 + 5*n - 9. Let j be a(7). Suppose -5*t + j = -0*t. What is the highest common factor of x and t?
15
Let q = -450 - -460. What is the highest common divisor of 680 and q?
10
Let l(v) = -9*v - 3. Let t be l(-1). What is the greatest common divisor of t and 8?
2
L